0) + 2/5. Suppose -3*s + g = s. What is the greatest common divisor of s and n?
24
Suppose 4 = -z, 0*u - 3*z = 2*u + 12. Let i = u - -13. What is the highest common divisor of i and 104?
13
Let k = -16 - -16. Suppose -5*a + 3*a + 24 = k. Calculate the highest common divisor of a and 3.
3
Let i(f) = 5*f - 9. Let o be i(6). Suppose 0 = 4*v - 5*w - 51, -w = 5*v + 3*w - 74. Calculate the highest common divisor of o and v.
7
Let p = -4 - -74. Calculate the highest common factor of 28 and p.
14
Let n = 6 - 4. Let x be -1*(3 + -5*n). Calculate the greatest common factor of 7 and x.
7
Suppose 3*a - 20 = -2*a. Suppose -4*x + 0*x = -a. Calculate the greatest common divisor of x and 11.
1
Let p(c) = 3*c + 11. Let u be p(-6). Let i be (76/(-4))/1*u. Calculate the highest common divisor of i and 19.
19
Let v be ((-2*2)/(-2))/1. Let s be 8 + -1 + 1 + v. Suppose 0 = 3*c - 8*c + 50. What is the greatest common divisor of c and s?
10
Suppose 0 = 4*a + m - 13, -4*a + 25 = -0*a - 3*m. Calculate the greatest common divisor of 12 and a.
4
Let a be 96/10 - (-26)/65. Calculate the greatest common divisor of 80 and a.
10
Let l = 26 - 18. Calculate the greatest common divisor of l and 32.
8
Let y(z) = -z**3 - 9*z**2 - 12. Let o = 1 - -10. Suppose 1 - o = l. Let k be y(l). Calculate the greatest common divisor of k and 11.
11
Let a(u) = u**2 + 1 + u**2 + 2*u + 12*u**2. Let h be a(-1). Calculate the highest common divisor of 52 and h.
13
Suppose 272*x = 277*x - 640. Calculate the highest common factor of 16 and x.
16
Let h(x) = -x - 7. Let g be h(-4). Let n be (-2)/g - 372/(-9). Calculate the greatest common factor of n and 63.
21
Let m(s) = 7*s - 12. Let x be m(2). Calculate the highest common divisor of x and 18.
2
Let m(u) = -u**3 - 20*u**2 - 2*u + 4. Let o be m(-20). What is the highest common factor of 33 and o?
11
Let h = 32 + -16. Calculate the greatest common factor of 32 and h.
16
Let f be (5 - 4)/((-1)/(-47)). Suppose -3*k + f = 17. Calculate the greatest common factor of 10 and k.
10
Let k be (5/((-15)/72))/(-1). Let h = 59 - k. What is the highest common factor of 7 and h?
7
Let c(n) = 10*n**2 + 4*n - 2. Let m be c(3). Calculate the greatest common divisor of 20 and m.
20
Let v(y) = y**2 + 10*y. Let x be v(-12). What is the greatest common divisor of 24 and x?
24
Let f = 113 - -13. Calculate the highest common factor of 42 and f.
42
Let o(j) = 2*j - 1. Let i be o(2). Suppose 0*v = -i*v - 153. Let q = -7 - v. Calculate the greatest common divisor of 4 and q.
4
Suppose 0*z = s + 3*z - 7, 3*z = -3*s + 27. Let n = -67 + 112. Suppose 5*r = s + n. Calculate the highest common divisor of 22 and r.
11
Let x = 12 - 8. Suppose x*w - 148 = -4*b, -4*b + 76 + 54 = -2*w. Let p = 21 + 64. What is the greatest common factor of b and p?
17
Let i be (-3)/9 - 244/(-12). Suppose 110 = r + 2*u, 3*u + 258 - 673 = -4*r. What is the highest common factor of r and i?
20
Let p be 4/(-2) + -4 + 22. Let q = 2 - 0. What is the highest common factor of q and p?
2
Let k be (-2)/(-6) + 238/6. Suppose -4*y + 29 + 3 = 0. Calculate the greatest common factor of k and y.
8
Let g = 132 + -76. What is the greatest common divisor of 8 and g?
8
Let o be (-10)/(-65) + 126/26. Suppose -b + 3*b - 70 = 0. What is the greatest common divisor of o and b?
5
Let v = -4 - -7. Suppose 2*g + z = 18, -41 = -6*g + v*g + 2*z. Let u(m) = -2*m**3 - m**2 - 1. Let j be u(-3). Calculate the highest common divisor of g and j.
11
Let l = 27 + 5. What is the greatest common factor of l and 48?
16
Let c be 11*4*2/8. Calculate the highest common divisor of c and 55.
11
Let l(w) = 4*w. Let i be l(3). Let y be 6/(-15) - 92/(-5). Let o = y + -12. Calculate the highest common factor of i and o.
6
Let h(f) = 2*f + 41. Let j be h(-20). What is the highest common divisor of 8 and j?
1
Let w = -55 + 27. Let z = 68 + w. What is the greatest common divisor of 16 and z?
8
Let v = 9 + -13. Let z(p) = -1631*p**2 - p - 1. Let k be z(-1). Let r be k/(-7) + v/2. Calculate the greatest common factor of 21 and r.
21
Suppose -10*r = -14*r + 324. What is the highest common factor of 9 and r?
9
Let d be 1/3 - (-5360)/48. What is the highest common factor of d and 28?
28
Suppose 3*t + 17 = 5*d, -7 = -2*d + t - 0. What is the greatest common divisor of 24 and d?
4
Let h be (-90)/(-25) + 6/15. Let d be 122/h - 3/2. What is the greatest common factor of d and 145?
29
Suppose -6*i = -3*i - 90. Calculate the greatest common factor of i and 5.
5
Suppose 3*v + 0 = 2*l - 27, -l = -4*v - 11. Suppose 3*t + 30 = 6*t. Calculate the greatest common factor of t and l.
5
Let b(l) = -10*l**3 - 2*l**2 - 3*l - 1. Let a be b(-1). Calculate the highest common factor of a and 10.
10
Let w be 7533/217 + 2*(-2)/(-14). What is the greatest common factor of w and 20?
5
Let z(v) = -2*v + 3. Let y be z(-4). Suppose -i + y = -0*i. Let r = i - 0. Calculate the greatest common divisor of r and 121.
11
Let k = 3 + 12. Calculate the greatest common factor of k and 15.
15
Let a be 190/(-20)*(1 + -3). Calculate the greatest common factor of a and 57.
19
Suppose 0 = 3*w - 3*b - 18, b = -w - 2*b + 18. Calculate the highest common factor of w and 18.
9
Suppose 42 + 23 = 5*s. Suppose -3*j + 2 = 17. Let y(f) = -29*f - 2. Let l be y(j). What is the greatest common divisor of l and s?
13
Let v = 16 + -7. Let d be 173/v + (-2)/9. Let a = -97 + 230. What is the highest common divisor of d and a?
19
Let c = 41 + -32. Calculate the greatest common factor of 99 and c.
9
Let w be (2/(-4))/((-1)/392). Let r be (w/(-6))/(5/(-15)). What is the greatest common factor of r and 14?
14
Suppose -4*j = -4*p + 112, -3*p + 0*p + 4*j = -89. Calculate the greatest common factor of p and 69.
23
Suppose 4*t = 3*t + 10. Let p(s) = s**2 - 2*s - 1. Let u be 2*(-2)/4*1. Let q be p(u). Calculate the highest common divisor of t and q.
2
Suppose -3*s + 54 = -0*s. Let c = 16 + s. Let n = -30 + 47. Calculate the greatest common factor of c and n.
17
Suppose -4*p + 813 = 5*a + 253, -3*a - 2*p + 334 = 0. Let y be a/16 + (-1)/(-4). What is the greatest common divisor of 28 and y?
7
Let l(s) = s**3 + s - 4. Let x be l(0). Let o be 91/2 - (-2)/x. Calculate the highest common factor of o and 9.
9
Let a = 11 + -7. Let w(z) be the first derivative of z**4/4 - z**3 - z**2/2 + 5*z + 1. Let c be w(a). What is the highest common divisor of c and 51?
17
Suppose -g + 187 = s, 5*g = 5*s + 332 + 603. Calculate the greatest common divisor of g and 17.
17
Let k be -6*(0 + 10/(-5)). What is the highest common factor of k and 108?
12
Let w(d) = -d**2 - 6*d. Let v be w(-4). Let m(j) = 10*j + 0*j**3 + 25 - 34 + j**3 - 7*j**2. Let p be m(v). What is the highest common factor of p and 54?
27
Let p be ((-2)/6)/((-2)/30). Suppose 0*q + 25 = p*q. Calculate the highest common factor of q and 40.
5
Let o(u) = -2*u**3 - u**2 + u + 1. Let s be o(-1). Suppose 35 = 3*m - s. What is the highest common divisor of m and 84?
12
Let z be (-2 - -1)/((-2)/20). Suppose d + 1 = z. What is the highest common factor of 9 and d?
9
Let o = 88 + -18. What is the highest common factor of o and 35?
35
Let c(j) = -j**3 - 14*j**2 - 14*j - 5. Let t be c(-13). Calculate the highest common factor of 72 and t.
8
Let z be 12/(-3) + 2 - -28. Suppose -5*p - 572 = -7*p. Calculate the greatest common factor of p and z.
26
Suppose 0*g - g - j + 37 = 0, 3*g - 3*j = 141. What is the greatest common divisor of g and 6?
6
Suppose -3*n + 4*n - 45 = 0. Let i(z) = 0*z + 0*z + z + 17*z**3. Let d be i(1). Calculate the highest common divisor of d and n.
9
Suppose 0*x - 6 = 3*x. Let a be (x + -1)/((-9)/6). Calculate the greatest common divisor of 4 and a.
2
Let a(n) = -3*n + 1 + 10 + 5*n. Let h be a(12). Let f be (5/(-1))/((-1)/1). What is the greatest common divisor of f and h?
5
Suppose -3*t + 9 + 21 = 0. Suppose 0*l + l - 5 = 0. What is the greatest common divisor of t and l?
5
Suppose 177 + 40 = 31*v. Suppose -2*s = 4*m - 60, 3*m + 39 = -2*s + 4*s. Let t = s - 10. What is the highest common factor of v and t?
7
Let g = 9 + 9. Calculate the greatest common factor of 27 and g.
9
Suppose -q + 30 = 6. Calculate the highest common factor of 6 and q.
6
Let i be 20/4 - (-7)/((-21)/6). Let m(t) = -t**3 - t**2 + 3*t. Let w be m(-3). Suppose 0 = -i*h + w - 0. Calculate the greatest 